tive of -3*q**2 - 7*q + 2. Let h(m) = 3*m + 3. Let p(f) = 9*h(f) + 4*v(f). Let r(l) = -l + 14. Let s be r(15). What is p(s)?
-4
Let n = -6 + 6. Let y be 3/(-3)*n/2. Let c(t) = y*t + 3*t**2 - 4*t**2 + 6*t + 2*t**2. What is c(-5)?
-5
Let h(u) = -u**3 + 6*u**2 - u - 1. Suppose 6*f = 2*f + 20. Let t(y) = -y**3 + 6*y**2 - 2*y. Let c(r) = f*h(r) - 6*t(r). Determine c(5).
5
Suppose 0*o - 2*s = 4*o + 8, 5*s + 20 = -o. Let n(f) = f - 1. What is n(o)?
-1
Let g(a) = a**3 + 3*a**2 - 6*a - 2. Let i = 41 - 45. What is g(i)?
6
Let d(j) = j**2 - 8*j + 6. Suppose 9 = 5*h - 16. Suppose 4*t - 8 = 0, -u = -3*u - h*t + 22. Give d(u).
-6
Suppose 0 = -7*o + 9*o. Let z(j) be the third derivative of 1/60*j**5 + 4*j**2 + 0*j + 1/4*j**4 + j**3 + o. Give z(-5).
1
Let t(s) = -5*s - 1. Suppose b + 2*b - o - 3 = 0, -3*b + 3 = 5*o. Calculate t(b).
-6
Let r(d) be the third derivative of -d**4/24 + 4*d**3/3 - d**2 + 83*d. Let h(y) = y + 6. Let v be h(-8). Let i = v - -2. Calculate r(i).
8
Let x(l) = -2*l**2 - 17*l - 15. Let b be x(-7). Let n(h) = h**2 - 6*h + 8. Give n(b).
8
Let p(y) = -2*y - 1. Suppose 3*v = 5*b - 15, 0 = -5*v - 19 - 6. Suppose b = -0*m + 2*m. Suppose 0 = -m*f - 4*f - 20. What is p(f)?
9
Let x(r) be the second derivative of -r**5/20 + r**4/3 + 5*r**3/6 + 5*r. Let h be 52/8 + (-3)/2. What is x(h)?
0
Suppose 4*t + 6 = 5*t. Suppose 0 = -0*p + 3*p - 2*y + 1, 3*p + t = -3*y. Let f(j) = 8*j - 1. Give f(p).
-9
Let r(b) = -5*b + 8. Let y(t) = 9 - 1 - 4*t - 1. Let d(m) = -3*r(m) + 4*y(m). Determine d(4).
0
Let y be (-210)/(-18) + (-1)/(-3). Let c be 51/y + (-1)/4. Let x(p) = p**2 - 5*p - 1. Calculate x(c).
-5
Let z(k) be the first derivative of -k**3/3 + 5*k**2 - 4*k + 46. What is z(4)?
20
Let f(x) be the first derivative of -x**4/2 - x**3 + 3*x**2/2 - 2*x - 50. Give f(-3).
16
Let a(n) = -10*n - 12 + 0 - 4. Let c(u) = 3*u + 5. Let p(i) = -2*a(i) - 7*c(i). Determine p(3).
-6
Let r(f) = -2 + 3 - 4*f + 5*f. Suppose m = 2*m. Let g = m + -2. What is r(g)?
-1
Let z(l) be the first derivative of -1/3*l**3 + 0*l**2 + 1 - l. Let k = 0 - 2. Calculate z(k).
-5
Let b(y) = -5*y**2 + y. Let s(i) = 5*i + i**3 + 1 + 6*i - 8*i**2 + 0*i**3 - 4*i. Let q be s(7). Give b(q).
-4
Let v(m) = -m**2. Let a(b) = b**2. Let g(t) = -a(t) - 4*v(t). Calculate g(1).
3
Let i(g) = -g**3 + 5*g**2 - 4*g. Let n be i(3). Let v(p) = -4 - p**2 + 5*p + 2 + 7. What is v(n)?
-1
Let g = 4 - 6. Let l(t) = t**2 - 7*t + 2. Let p be l(7). Let o(w) = -w + w**2 - 1 + w + w**2 + p*w. Determine o(g).
3
Let o be ((-2)/(-2))/(0 - -1). Suppose -4*k - 39 = -3*g, 0*g + o = g. Let d be ((-3)/(k/15))/(-1). Let c(x) = -x**2 - 4*x + 5. Determine c(d).
0
Let a be 148/12 - 2/6. Suppose 2*o + 7 = 3*g, -4*g = -2*o - 0*g - a. Let p(u) = 2*u - 6. What is p(o)?
2
Let i(z) = 6*z**2 - 5*z + 6. Let x(u) = 13*u**2 - 10*u + 13. Let y(q) = -9*i(q) + 4*x(q). Let r be (2/(-4))/(4/(-24)). What is y(r)?
-5
Suppose -y = 5*k - 6, -y + 18 = 2*y - 2*k. Let l(s) = -y + 0 - 2*s + 2. Give l(-5).
6
Let g(j) = j**3 - 6*j**2 + 3*j + 6. Suppose -9 = 3*q, -4*l + 0*q + 29 = -3*q. Give g(l).
-4
Let x(d) = -2*d**3 + 4*d**2 - 2*d + 1. Let t(s) = s**3 - s**2 + s - 1. Let y(r) = 3*t(r) + x(r). Suppose -b + 18 = 18. What is y(b)?
-2
Let j(y) = 2*y**2 + 2*y - 1. Let a be j(1). Let n(r) = 2 + 2*r**3 - 6 - 2*r - r**a + 3*r**2. Calculate n(-3).
2
Let w be ((-4)/(-10))/((-2)/(-20)). Let l(r) = -2*r**3 + 8*r**2 - 6*r + 2. Let a(p) = -p**3 + 4*p**2 - 3*p + 1. Let c(o) = w*l(o) - 9*a(o). What is c(2)?
-3
Suppose -3*k - f - 4 = -4*k, 4*f + 4 = 2*k. Suppose k*o - 18 = 9*o. Let j(i) = i + 11. Calculate j(o).
5
Let q(h) = -12*h - 56. Let p be q(-5). Let s(b) be the third derivative of -b**5/60 + b**4/6 - b**3/3 + b**2. Give s(p).
-2
Suppose -5*y - y = 30. Let g(d) = -d**2 - 5*d + 7. Determine g(y).
7
Let v(x) = 3*x**2 + 3*x. Let s(m) = -8*m**2 - 10*m. Let o(r) = 2*s(r) + 7*v(r). Let d = -3 - -6. Suppose d*q - 3 = -0. Calculate o(q).
6
Suppose 3*r = -0*r + 60. Suppose -5*y - z + 24 = 4, 2*z = -5*y + r. Let h(i) = -2 + y*i**3 + 5*i**2 - 3*i**3 + 0. Determine h(-5).
-2
Let y(b) = 2*b**3 - 2*b**2 + 2*b - 1. Let n = -15 - -24. Let x(p) = -2*p + 5. Let z be x(6). Let r = z + n. What is y(r)?
11
Let q be ((-12)/10)/(1/(-5)). Let x(k) = k**2 + k. Let p(j) = -j**3 + 13*j**2 - 2*j + 7. Let l(m) = p(m) - 6*x(m). Give l(q).
-5
Let z(b) = -b**2 + 2*b. Let x(q) = -2*q + 10. Let l be x(6). Calculate z(l).
-8
Suppose -5 = -5*x + 10. Let h(y) = x*y**3 + y - 5*y**3 + 3*y**3. Suppose d + 0*d = 2. What is h(d)?
10
Let c(a) = -3*a - 1. Let y(v) = -2*v - 3. Let x be y(0). Give c(x).
8
Let r = -83/300 + 9/25. Let x(l) be the second derivative of -1/6*l**3 + l + r*l**4 - 2*l**2 + 0. Calculate x(3).
2
Let u(q) = -q - 5. Suppose 7*z + 3 = -32. Calculate u(z).
0
Let z be ((-6)/(-4))/((-5)/(-20)). Let s(u) = u**2 - 6*u + 6. Let k be s(z). Let q(o) = o**2 - 8*o + 7. Let w be q(k). Let r(c) = -c**2 - 6*c - 4. What is r(w)?
1
Let u(k) = -11*k**2 - 8*k**2 - 3 + 25*k**2 - k**3 + 0*k**3 - 4*k. Give u(5).
2
Let p(i) = -2*i + 2. Suppose -b + r + 8 = 0, -r - r + 4 = 3*b. Give p(b).
-6
Let l be (-74)/(-6) - (-5)/(-15). Suppose -3*h + 0*h = l. Let c(b) be the second derivative of -b**5/20 - b**4/3 - 2*b**3/3 - 3*b**2 + b. What is c(h)?
10
Let z(r) = -r + 3. Let j = 12 + -10. Suppose -j*a + 12 = 2*a. Suppose 0*p = 3*p, a*g - 15 = 3*p. Calculate z(g).
-2
Let b(k) = k + 8. Let z be b(-6). Let a(i) = i + 3. Let j be a(-3). Let c(q) = -q**2 + j*q**2 + z + 2*q + 0. What is c(-2)?
-6
Let m(p) = p**3. Suppose -48 = 5*z - 8. Let x be (z + 8)*1*-1. Determine m(x).
0
Let w = 5 + -4. Suppose w + 4 = -5*y. Let c(a) = 2*a. Let b be c(y). Let u(z) = 3*z**2 + 4*z + 2. Give u(b).
6
Let g(c) = 3*c + 6. Let w be (-10)/4*(4 + -6). Suppose -w*h + 2*h = 12. Determine g(h).
-6
Let f(v) = v**2 + 2*v. Let p = -1 - -5. Suppose -2*x + p = -w + 2, 3*w + 3*x = 3. Suppose -4*t - 1 - 7 = w. Calculate f(t).
0
Suppose 0 = 4*i + 3*v + 9, i + 3*v + 6 = -3. Suppose -w = -2*o + 1 - 13, 5*w - o - 24 = 0. Let c(m) = 3*m - w*m - 2 + 3. Determine c(i).
1
Let i = 7 + -6. Let s = i + 2. Let n(u) = -u**3 + 3*u**2 - 5*u + 4. What is n(s)?
-11
Let m(v) = -3*v**2 + 4*v - 3. Let c = -112 - -114. Give m(c).
-7
Let m(z) = z**3 - 7*z**2 - 6*z - 1. Let u be (2/4 + -2)*320/(-60). Give m(u).
15
Let w be (10/(-8))/((-3)/(-12)). Suppose 8*p - 4*p - 3*o = 5, 0 = -4*p - 4*o + 12. Let g(f) = -3*f**2 - f**2 + 8*f**p + f**3 - 4*f. Calculate g(w).
-5
Let j(u) = -2*u - 9. Let f be 12/(-1)*2/4. Give j(f).
3
Let i(l) = -3*l - 1. Let t(h) = -5*h - 2. Let w(u) = 11*i(u) - 6*t(u). Give w(-1).
4
Suppose -2*y - 3*r + 11 = -5, 2*y = 3*r + 4. Suppose t - 3 = 3*t - y*f, -2*t + f = -1. Let o(n) = -22*n**2 - 26*n**2 + 43*n**2. Determine o(t).
-5
Let v(f) be the first derivative of -f**5/30 - f**4/6 - 2*f**3/3 + f**2 - 1. Let h(x) be the second derivative of v(x). Give h(-3).
-10
Let u(g) = -6 + 0*g**2 + 4*g**3 - 7*g - 5*g**3 - 5*g**2 + 0*g**3. Suppose 4*b - 16 = 8*b. Calculate u(b).
6
Let w(f) be the second derivative of -f**5/60 - 3*f**4/8 - 3*f**3/2 - 3*f**2/2 - f. Let u(v) be the first derivative of w(v). Give u(-7).
5
Suppose -5*z = 5*w + 5, -5*w + 4*z - 6 + 28 = 0. Let h = 4 - w. Let g(f) = -f**2 + 2*f**3 + 0*f**2 + 1 + f - 2*f**2 + 0*f. Calculate g(h).
7
Let l be (3 - 2)/(6/42). Suppose f + 4 = 0, 4 = -3*p + f - l. Let w(c) = -c**3 - 6*c**2 - 7*c - 5. Give w(p).
5
Let s(r) = 7*r + 11. Let u(a) = 3*a + 5. Let w = -33 + 31. Let x(i) = w*s(i) + 5*u(i). Let f be (-2)/(-8) + 26/(-8). Calculate x(f).
0
Suppose 7 = -4*c - 5. Let i(h) = 11*h**2 - 1 - 12*h**2 + 5 + 0. Give i(c).
-5
Let h be (-12 - -3)*(6/(-9) - 0). Let o(t) = -t + 2. Give o(h).
-4
Let t(s) be the second derivative of -s**3/6 - 3*s**2 + s. Let w(c) be the second derivative of -c**4/12 + 2*c. Let q be w(2). Determine t(q).
-2
Let w(v) be the third derivative of -v**6/120 + v**5/60 + 2*v**3/3 - v**2. Let p be w(0). Let j(f) = -f**3 + 5*f**2 - 5*f + 1. Determine j(p).
-3
Let v be 4 - 3 - (1 + -4). Let h(u) = -u**3 + 3*u**2 + 3*u + 1. Let b be h(v). Let j(k) = -k. Calculate j(b).
3
Suppose 3*f - f - 14 = 0. Let x = f + -7. Let g(s) = -2*s + 0*s + 7 + 3*s. What is g(x)?
7
Suppose 2*a - 2 = 22. Let v(r) = -r**3 + 11*r**2 + 12*r + 4. Let t be v(a). Let h(q) = 6*q + 5. Let u(o) = -5*o - 4. Let j(w) = 4*h(w) + 5*u(w). Determine 